{"id":172,"date":"2021-02-22T14:00:05","date_gmt":"2021-02-22T14:00:05","guid":{"rendered":"https:\/\/www.cbsgarage.hu\/?page_id=172"},"modified":"2022-10-29T20:22:23","modified_gmt":"2022-10-29T18:22:23","slug":"trabant-601-rudi","status":"publish","type":"page","link":"https:\/\/www.cbsgarage.hu\/?page_id=172","title":{"rendered":"Trabant 601 (Rudi)"},"content":{"rendered":"\n<p class=\"wp-block-paragraph\">A munka sor\u00e1n egy k\u00fcls\u0151leg v\u00e9szesnek kicsit sem t\u0171n\u0151 k\u00e9t\u00fctem\u0171 trabant \u00fajj\u00e1\u00e9p\u00edt\u00e9s\u00e9t t\u0171zt\u00fck ki c\u00e9lul. Igazib\u00f3l nem indult komoly feladatnak, de azt\u00e1n &#8211; mivel \u00fagy d\u00f6nt\u00f6tt\u00fcnk min\u0151s\u00edt\u00e9sen is megfelel\u0151 aut\u00f3t akarunk &#8211; el\u00e9g pepecs feladat lett.<\/p>\n\n\n\n<p class=\"wp-block-paragraph\">A sz\u00e9tszed\u00e9s ut\u00e1n m\u00e1r l\u00e1tszott hogy a  hatty\u00fanyakkal \u00e9s padl\u00f3lemez elej\u00e9vel nem kell m\u00e9lyrehat\u00f3an foglalkozni, de a k\u00fcsz\u00f6b\u00f6k, doblemezek, csomagtart\u00f3, fen\u00e9klemez teljesen oda van.<\/p>\n\n\n\nngg_shortcode_0_placeholder\n\n\n\n<p class=\"wp-block-paragraph\">Am\u00edg Zoli a karossz\u00e9r\u00e1val dolgozott, folyamatosan ment a karossz\u00e9ria elemek vad\u00e1szata. A duroplast helyett idevar\u00e1zsolt \u00fcvegsz\u00e1las lemezekre gyakorlatilag Zoli r\u00e1modta a fatv\u00e1t, mert az &#8222;huppog&#8221; \ud83d\ude42<\/p>\n\n\n\n<p class=\"wp-block-paragraph\">A legnehezebb egy \u00e9rtelmes ajt\u00f3 v\u00e1z \u00e9s duroplast elemek megszerz\u00e9se volt. Mondhatjuk hogy a vil\u00e1g &#8222;utols\u00f3&#8221; bal h\u00e1ts\u00f3 s\u00e1rv\u00e9d\u0151j\u00e9t \u00e9s fen\u00e9klemez\u00e9t \u00e9p\u00edtett\u00fck az aut\u00f3ba.<\/p>\n\n\n\nngg_shortcode_1_placeholder\n\n\n\n<p class=\"wp-block-paragraph\">A karossz\u00e9ria elk\u00e9sz\u00fclte ut\u00e1n minden sz\u00e9tbont\u00e1sra ker\u00fclt, hogy Zsolti\u00e9k a v\u00e1zat sz\u00e9pen le tudj\u00e1k festeni, majd ut\u00e1na a felszerelt karossz\u00e9ria elemekkel egy\u00fctt \u00fajra neki\u00e1llhassanak \ud83d\ude42 Azt hiszem t\u00e9nyleg mondhatjuk hogy a gy\u00e1rin\u00e1l is ig\u00e9nyesebb karossz\u00e9ria k\u00e9sz\u00fclt \ud83d\ude42<\/p>\n\n\n\nngg_shortcode_2_placeholder\n\n\n\n<p class=\"wp-block-paragraph\">A fest\u00e9s ut\u00e1n m\u00e1r &#8222;csak&#8221; a motor\/v\u00e1lt\u00f3, \u00e9s az \u00f6sszerak\u00e1s maradt&#8230;s persze a rengeteg elkopott, elt\u00f6rt, vagy egyszer\u0171en ronda alkatr\u00e9szek cser\u00e9je van h\u00e1tra. Mint minden esetben ez a legmacer\u00e1sabb. Nemcsak az\u00e9rt mert a trabantok gyakorlatilag minden \u00e9vben &#8211; ak\u00e1r t\u00f6bbsz\u00f6r is &#8211; v\u00e1ltoztak. Kis bizbasz helyett nagy bizbasz ker\u00fclt fel&#8230;azt\u00e1n vissza&#8230;sz\u00f3val el\u00e9g vad\u00e1sz\u00f3s feladat. R\u00c1ad\u00e1sul egy 84-es aut\u00f3r\u00f3l besz\u00e9l\u00fcnk, amikor olyan apr\u00f3s\u00e1gok is v\u00e1ltoztak, mint laprug\u00f3 helyett spir\u00e1lrug\u00f3 \ud83d\ude00 Sima \u00fcgy.<\/p>\n\n\n\nngg_shortcode_3_placeholder\n","protected":false},"excerpt":{"rendered":"<p>A munka sor\u00e1n egy k\u00fcls\u0151leg v\u00e9szesnek kicsit sem t\u0171n\u0151 k\u00e9t\u00fctem\u0171 trabant \u00fajj\u00e1\u00e9p\u00edt\u00e9s\u00e9t t\u0171zt\u00fck ki c\u00e9lul. Igazib\u00f3l nem indult komoly feladatnak, de azt\u00e1n &#8211; mivel \u00fagy d\u00f6nt\u00f6tt\u00fcnk min\u0151s\u00edt\u00e9sen is megfelel\u0151 aut\u00f3t <a href='https:\/\/www.cbsgarage.hu\/?page_id=172' title='read more!'>[&#8230;]<\/a><\/p>\n","protected":false},"author":1,"featured_media":0,"parent":0,"menu_order":10,"comment_status":"closed","ping_status":"closed","template":"","meta":{"ngg_post_thumbnail":0,"footnotes":""},"class_list":["post-172","page","type-page","status-publish","hentry"],"yoast_head":"<!-- This site is optimized with the Yoast SEO plugin v28.2 - https:\/\/yoast.com\/product\/yoast-seo-wordpress\/ -->\n<title>Trabant 601 (Rudi) - CBS garage<\/title>\n<meta name=\"robots\" content=\"index, follow, max-snippet:-1, max-image-preview:large, max-video-preview:-1\" \/>\n<link rel=\"canonical\" href=\"https:\/\/www.cbsgarage.hu\/?page_id=172\" \/>\n<meta property=\"og:locale\" content=\"hu_HU\" \/>\n<meta property=\"og:type\" content=\"article\" \/>\n<meta property=\"og:title\" content=\"Trabant 601 (Rudi) - CBS garage\" \/>\n<meta property=\"og:description\" content=\"A munka sor\u00e1n egy k\u00fcls\u0151leg v\u00e9szesnek kicsit sem t\u0171n\u0151 k\u00e9t\u00fctem\u0171 trabant \u00fajj\u00e1\u00e9p\u00edt\u00e9s\u00e9t t\u0171zt\u00fck ki c\u00e9lul. Igazib\u00f3l nem indult komoly feladatnak, de azt\u00e1n &#8211; mivel \u00fagy d\u00f6nt\u00f6tt\u00fcnk min\u0151s\u00edt\u00e9sen is megfelel\u0151 aut\u00f3t [...]\" \/>\n<meta property=\"og:url\" content=\"https:\/\/www.cbsgarage.hu\/?page_id=172\" \/>\n<meta property=\"og:site_name\" content=\"CBS garage\" \/>\n<meta property=\"article:publisher\" content=\"https:\/\/www.facebook.com\/people\/CBS-garage\/100083307077851\/\" \/>\n<meta property=\"article:modified_time\" content=\"2022-10-29T18:22:23+00:00\" \/>\n<meta name=\"twitter:card\" content=\"summary_large_image\" \/>\n<meta name=\"twitter:label1\" content=\"Becs\u00fclt olvas\u00e1si id\u0151\" \/>\n\t<meta name=\"twitter:data1\" content=\"2 perc\" \/>\n<script type=\"application\/ld+json\" class=\"yoast-schema-graph\">{\"@context\":\"https:\\\/\\\/schema.org\",\"@graph\":[{\"@type\":\"WebPage\",\"@id\":\"https:\\\/\\\/www.cbsgarage.hu\\\/?page_id=172\",\"url\":\"https:\\\/\\\/www.cbsgarage.hu\\\/?page_id=172\",\"name\":\"Trabant 601 (Rudi) - CBS garage\",\"isPartOf\":{\"@id\":\"https:\\\/\\\/www.cbsgarage.hu\\\/#website\"},\"datePublished\":\"2021-02-22T14:00:05+00:00\",\"dateModified\":\"2022-10-29T18:22:23+00:00\",\"breadcrumb\":{\"@id\":\"https:\\\/\\\/www.cbsgarage.hu\\\/?page_id=172#breadcrumb\"},\"inLanguage\":\"hu\",\"potentialAction\":[{\"@type\":\"ReadAction\",\"target\":[\"https:\\\/\\\/www.cbsgarage.hu\\\/?page_id=172\"]}]},{\"@type\":\"BreadcrumbList\",\"@id\":\"https:\\\/\\\/www.cbsgarage.hu\\\/?page_id=172#breadcrumb\",\"itemListElement\":[{\"@type\":\"ListItem\",\"position\":1,\"name\":\"Home\",\"item\":\"https:\\\/\\\/www.cbsgarage.hu\\\/\"},{\"@type\":\"ListItem\",\"position\":2,\"name\":\"Trabant 601 (Rudi)\"}]},{\"@type\":\"WebSite\",\"@id\":\"https:\\\/\\\/www.cbsgarage.hu\\\/#website\",\"url\":\"https:\\\/\\\/www.cbsgarage.hu\\\/\",\"name\":\"CBS garage\",\"description\":\"Mindenki szereti a klasszikusokat...\",\"publisher\":{\"@id\":\"https:\\\/\\\/www.cbsgarage.hu\\\/#organization\"},\"potentialAction\":[{\"@type\":\"SearchAction\",\"target\":{\"@type\":\"EntryPoint\",\"urlTemplate\":\"https:\\\/\\\/www.cbsgarage.hu\\\/?s={search_term_string}\"},\"query-input\":{\"@type\":\"PropertyValueSpecification\",\"valueRequired\":true,\"valueName\":\"search_term_string\"}}],\"inLanguage\":\"hu\"},{\"@type\":\"Organization\",\"@id\":\"https:\\\/\\\/www.cbsgarage.hu\\\/#organization\",\"name\":\"DARkit Kft\",\"url\":\"https:\\\/\\\/www.cbsgarage.hu\\\/\",\"logo\":{\"@type\":\"ImageObject\",\"inLanguage\":\"hu\",\"@id\":\"https:\\\/\\\/www.cbsgarage.hu\\\/#\\\/schema\\\/logo\\\/image\\\/\",\"url\":\"https:\\\/\\\/www.cbsgarage.hu\\\/wp-content\\\/uploads\\\/2021\\\/02\\\/Logo2.svg_.png\",\"contentUrl\":\"https:\\\/\\\/www.cbsgarage.hu\\\/wp-content\\\/uploads\\\/2021\\\/02\\\/Logo2.svg_.png\",\"width\":1043,\"height\":415,\"caption\":\"DARkit Kft\"},\"image\":{\"@id\":\"https:\\\/\\\/www.cbsgarage.hu\\\/#\\\/schema\\\/logo\\\/image\\\/\"},\"sameAs\":[\"https:\\\/\\\/www.facebook.com\\\/people\\\/CBS-garage\\\/100083307077851\\\/\"]}]}<\/script>\n<!-- \/ Yoast SEO plugin. -->","yoast_head_json":{"title":"Trabant 601 (Rudi) - CBS garage","robots":{"index":"index","follow":"follow","max-snippet":"max-snippet:-1","max-image-preview":"max-image-preview:large","max-video-preview":"max-video-preview:-1"},"canonical":"https:\/\/www.cbsgarage.hu\/?page_id=172","og_locale":"hu_HU","og_type":"article","og_title":"Trabant 601 (Rudi) - CBS garage","og_description":"A munka sor\u00e1n egy k\u00fcls\u0151leg v\u00e9szesnek kicsit sem t\u0171n\u0151 k\u00e9t\u00fctem\u0171 trabant \u00fajj\u00e1\u00e9p\u00edt\u00e9s\u00e9t t\u0171zt\u00fck ki c\u00e9lul. Igazib\u00f3l nem indult komoly feladatnak, de azt\u00e1n &#8211; mivel \u00fagy d\u00f6nt\u00f6tt\u00fcnk min\u0151s\u00edt\u00e9sen is megfelel\u0151 aut\u00f3t [...]","og_url":"https:\/\/www.cbsgarage.hu\/?page_id=172","og_site_name":"CBS garage","article_publisher":"https:\/\/www.facebook.com\/people\/CBS-garage\/100083307077851\/","article_modified_time":"2022-10-29T18:22:23+00:00","twitter_card":"summary_large_image","twitter_misc":{"Becs\u00fclt olvas\u00e1si id\u0151":"2 perc"},"schema":{"@context":"https:\/\/schema.org","@graph":[{"@type":"WebPage","@id":"https:\/\/www.cbsgarage.hu\/?page_id=172","url":"https:\/\/www.cbsgarage.hu\/?page_id=172","name":"Trabant 601 (Rudi) - CBS garage","isPartOf":{"@id":"https:\/\/www.cbsgarage.hu\/#website"},"datePublished":"2021-02-22T14:00:05+00:00","dateModified":"2022-10-29T18:22:23+00:00","breadcrumb":{"@id":"https:\/\/www.cbsgarage.hu\/?page_id=172#breadcrumb"},"inLanguage":"hu","potentialAction":[{"@type":"ReadAction","target":["https:\/\/www.cbsgarage.hu\/?page_id=172"]}]},{"@type":"BreadcrumbList","@id":"https:\/\/www.cbsgarage.hu\/?page_id=172#breadcrumb","itemListElement":[{"@type":"ListItem","position":1,"name":"Home","item":"https:\/\/www.cbsgarage.hu\/"},{"@type":"ListItem","position":2,"name":"Trabant 601 (Rudi)"}]},{"@type":"WebSite","@id":"https:\/\/www.cbsgarage.hu\/#website","url":"https:\/\/www.cbsgarage.hu\/","name":"CBS garage","description":"Mindenki szereti a klasszikusokat...","publisher":{"@id":"https:\/\/www.cbsgarage.hu\/#organization"},"potentialAction":[{"@type":"SearchAction","target":{"@type":"EntryPoint","urlTemplate":"https:\/\/www.cbsgarage.hu\/?s={search_term_string}"},"query-input":{"@type":"PropertyValueSpecification","valueRequired":true,"valueName":"search_term_string"}}],"inLanguage":"hu"},{"@type":"Organization","@id":"https:\/\/www.cbsgarage.hu\/#organization","name":"DARkit Kft","url":"https:\/\/www.cbsgarage.hu\/","logo":{"@type":"ImageObject","inLanguage":"hu","@id":"https:\/\/www.cbsgarage.hu\/#\/schema\/logo\/image\/","url":"https:\/\/www.cbsgarage.hu\/wp-content\/uploads\/2021\/02\/Logo2.svg_.png","contentUrl":"https:\/\/www.cbsgarage.hu\/wp-content\/uploads\/2021\/02\/Logo2.svg_.png","width":1043,"height":415,"caption":"DARkit Kft"},"image":{"@id":"https:\/\/www.cbsgarage.hu\/#\/schema\/logo\/image\/"},"sameAs":["https:\/\/www.facebook.com\/people\/CBS-garage\/100083307077851\/"]}]}},"_links":{"self":[{"href":"https:\/\/www.cbsgarage.hu\/index.php?rest_route=\/wp\/v2\/pages\/172","targetHints":{"allow":["GET"]}}],"collection":[{"href":"https:\/\/www.cbsgarage.hu\/index.php?rest_route=\/wp\/v2\/pages"}],"about":[{"href":"https:\/\/www.cbsgarage.hu\/index.php?rest_route=\/wp\/v2\/types\/page"}],"author":[{"embeddable":true,"href":"https:\/\/www.cbsgarage.hu\/index.php?rest_route=\/wp\/v2\/users\/1"}],"replies":[{"embeddable":true,"href":"https:\/\/www.cbsgarage.hu\/index.php?rest_route=%2Fwp%2Fv2%2Fcomments&post=172"}],"version-history":[{"count":1,"href":"https:\/\/www.cbsgarage.hu\/index.php?rest_route=\/wp\/v2\/pages\/172\/revisions"}],"predecessor-version":[{"id":173,"href":"https:\/\/www.cbsgarage.hu\/index.php?rest_route=\/wp\/v2\/pages\/172\/revisions\/173"}],"wp:attachment":[{"href":"https:\/\/www.cbsgarage.hu\/index.php?rest_route=%2Fwp%2Fv2%2Fmedia&parent=172"}],"curies":[{"name":"wp","href":"https:\/\/api.w.org\/{rel}","templated":true}]}}

<p class="wp-block-paragraph">A munka során egy külsőleg vészesnek kicsit sem tűnő kétütemű trabant újjáépítését tűztük ki célul. Igaziból nem indult komoly feladatnak, de aztán &#8211; mivel úgy döntöttünk minősítésen is megfelelő autót akarunk &#8211; elég pepecs feladat lett.</p>



<p class="wp-block-paragraph">A szétszedés után már látszott hogy a  hattyúnyakkal és padlólemez elejével nem kell mélyrehatóan foglalkozni, de a küszöbök, doblemezek, csomagtartó, fenéklemez teljesen oda van.</p>



ngg_shortcode_0_placeholder



<p class="wp-block-paragraph">Amíg Zoli a karosszérával dolgozott, folyamatosan ment a karosszéria elemek vadászata. A duroplast helyett idevarázsolt üvegszálas lemezekre gyakorlatilag Zoli rámodta a fatvát, mert az &#8222;huppog&#8221; 🙂</p>



<p class="wp-block-paragraph">A legnehezebb egy értelmes ajtó váz és duroplast elemek megszerzése volt. Mondhatjuk hogy a világ &#8222;utolsó&#8221; bal hátsó sárvédőjét és fenéklemezét építettük az autóba.</p>



ngg_shortcode_1_placeholder



<p class="wp-block-paragraph">A karosszéria elkészülte után minden szétbontásra került, hogy Zsoltiék a vázat szépen le tudják festeni, majd utána a felszerelt karosszéria elemekkel együtt újra nekiállhassanak 🙂 Azt hiszem tényleg mondhatjuk hogy a gyárinál is igényesebb karosszéria készült 🙂</p>



ngg_shortcode_2_placeholder



<p class="wp-block-paragraph">A festés után már &#8222;csak&#8221; a motor/váltó, és az összerakás maradt&#8230;s persze a rengeteg elkopott, eltört, vagy egyszerűen ronda alkatrészek cseréje van hátra. Mint minden esetben ez a legmacerásabb. Nemcsak azért mert a trabantok gyakorlatilag minden évben &#8211; akár többször is &#8211; változtak. Kis bizbasz helyett nagy bizbasz került fel&#8230;aztán vissza&#8230;szóval elég vadászós feladat. RÁadásul egy 84-es autóról beszélünk, amikor olyan apróságok is változtak, mint laprugó helyett spirálrugó 😀 Sima ügy.</p>



ngg_shortcode_3_placeholder

<p>A munka során egy külsőleg vészesnek kicsit sem tűnő kétütemű trabant újjáépítését tűztük ki célul. Igaziból nem indult komoly feladatnak, de aztán &#8211; mivel úgy döntöttünk minősítésen is megfelelő autót <a href='https://www.cbsgarage.hu/?page_id=172' title='read more!'>[&#8230;]</a></p>

<!-- This site is optimized with the Yoast SEO plugin v28.2 - https://yoast.com/product/yoast-seo-wordpress/ -->
<title>Trabant 601 (Rudi) - CBS garage</title>
<meta name="robots" content="index, follow, max-snippet:-1, max-image-preview:large, max-video-preview:-1" />
<link rel="canonical" href="https://www.cbsgarage.hu/?page_id=172" />
<meta property="og:locale" content="hu_HU" />
<meta property="og:type" content="article" />
<meta property="og:title" content="Trabant 601 (Rudi) - CBS garage" />
<meta property="og:description" content="A munka során egy külsőleg vészesnek kicsit sem tűnő kétütemű trabant újjáépítését tűztük ki célul. Igaziból nem indult komoly feladatnak, de aztán &#8211; mivel úgy döntöttünk minősítésen is megfelelő autót [...]" />
<meta property="og:url" content="https://www.cbsgarage.hu/?page_id=172" />
<meta property="og:site_name" content="CBS garage" />
<meta property="article:publisher" content="https://www.facebook.com/people/CBS-garage/100083307077851/" />
<meta property="article:modified_time" content="2022-10-29T18:22:23+00:00" />
<meta name="twitter:card" content="summary_large_image" />
<meta name="twitter:label1" content="Becsült olvasási idő" />
	<meta name="twitter:data1" content="2 perc" />
<script type="application/ld+json" class="yoast-schema-graph">{"@context":"https:\/\/schema.org","@graph":[{"@type":"WebPage","@id":"https:\/\/www.cbsgarage.hu\/?page_id=172","url":"https:\/\/www.cbsgarage.hu\/?page_id=172","name":"Trabant 601 (Rudi) - CBS garage","isPartOf":{"@id":"https:\/\/www.cbsgarage.hu\/#website"},"datePublished":"2021-02-22T14:00:05+00:00","dateModified":"2022-10-29T18:22:23+00:00","breadcrumb":{"@id":"https:\/\/www.cbsgarage.hu\/?page_id=172#breadcrumb"},"inLanguage":"hu","potentialAction":[{"@type":"ReadAction","target":["https:\/\/www.cbsgarage.hu\/?page_id=172"]}]},{"@type":"BreadcrumbList","@id":"https:\/\/www.cbsgarage.hu\/?page_id=172#breadcrumb","itemListElement":[{"@type":"ListItem","position":1,"name":"Home","item":"https:\/\/www.cbsgarage.hu\/"},{"@type":"ListItem","position":2,"name":"Trabant 601 (Rudi)"}]},{"@type":"WebSite","@id":"https:\/\/www.cbsgarage.hu\/#website","url":"https:\/\/www.cbsgarage.hu\/","name":"CBS garage","description":"Mindenki szereti a klasszikusokat...","publisher":{"@id":"https:\/\/www.cbsgarage.hu\/#organization"},"potentialAction":[{"@type":"SearchAction","target":{"@type":"EntryPoint","urlTemplate":"https:\/\/www.cbsgarage.hu\/?s={search_term_string}"},"query-input":{"@type":"PropertyValueSpecification","valueRequired":true,"valueName":"search_term_string"}}],"inLanguage":"hu"},{"@type":"Organization","@id":"https:\/\/www.cbsgarage.hu\/#organization","name":"DARkit Kft","url":"https:\/\/www.cbsgarage.hu\/","logo":{"@type":"ImageObject","inLanguage":"hu","@id":"https:\/\/www.cbsgarage.hu\/#\/schema\/logo\/image\/","url":"https:\/\/www.cbsgarage.hu\/wp-content\/uploads\/2021\/02\/Logo2.svg_.png","contentUrl":"https:\/\/www.cbsgarage.hu\/wp-content\/uploads\/2021\/02\/Logo2.svg_.png","width":1043,"height":415,"caption":"DARkit Kft"},"image":{"@id":"https:\/\/www.cbsgarage.hu\/#\/schema\/logo\/image\/"},"sameAs":["https:\/\/www.facebook.com\/people\/CBS-garage\/100083307077851\/"]}]}</script>
<!-- / Yoast SEO plugin. -->

A munka során egy külsőleg vészesnek kicsit sem tűnő kétütemű trabant újjáépítését tűztük ki célul. Igaziból nem indult komoly feladatnak, de aztán &#8211; mivel úgy döntöttünk minősítésen is megfelelő autót [...]
